Is 317663491 a composite number?
True
Is 22413703 prime?
False
Is 5452102 composite?
True
Is 5610518 composite?
True
Is 38824715 composite?
True
Is 44410097 prime?
True
Is 11111339 composite?
True
Is 1017486713 a composite number?
False
Is 231623461 composite?
False
Is 1017049 a composite number?
True
Is 1022939 a composite number?
True
Is 537143 prime?
True
Is 108205079 a prime number?
True
Is 5207667 composite?
True
Is 4032169 a composite number?
True
Is 97821079 a composite number?
False
Is 6026219 a composite number?
True
Is 718717 prime?
True
Is 69061297 a composite number?
True
Is 502966 composite?
True
Is 23338513 composite?
True
Is 131249 a prime number?
True
Is 3344897 a prime number?
True
Is 5712419 a prime number?
False
Is 6734849 a prime number?
False
Is 30403321 composite?
True
Is 141173 prime?
False
Is 14491627 a composite number?
False
Is 6616577 a prime number?
False
Is 14961299 composite?
False
Is 19988989 a prime number?
True
Is 73508741 prime?
True
Is 1426613 a composite number?
False
Is 22639907 a composite number?
True
Is 13184881 prime?
False
Is 89375995 a composite number?
True
Is 563619283 composite?
True
Is 6571259 prime?
True
Is 34448207 composite?
False
Is 1775285 a composite number?
True
Is 291616405 a composite number?
True
Is 217969 a prime number?
True
Is 180744071 composite?
False
Is 46062629 composite?
True
Is 28545989 a composite number?
False
Is 2193115 a composite number?
True
Is 11286953 prime?
False
Is 293257 composite?
False
Is 17654333 a composite number?
False
Is 1971713 a prime number?
False
Is 45947647 a composite number?
False
Is 4446421 a prime number?
False
Is 40636757 prime?
False
Is 33889399 a prime number?
False
Is 78441277 prime?
False
Is 165724567 a prime number?
False
Is 3039467 composite?
False
Is 15578215 a composite number?
True
Is 12583537 composite?
True
Is 11322761 a prime number?
False
Is 289237087 composite?
False
Is 1999943 prime?
False
Is 15001373 a composite number?
False
Is 11185313 composite?
True
Is 29757977 composite?
False
Is 5275159 a composite number?
False
Is 15698687 a composite number?
True
Is 1644322 composite?
True
Is 92696249 prime?
False
Is 484531 prime?
True
Is 14088617 prime?
True
Is 39002263 composite?
False
Is 12527173 composite?
False
Is 44070053 composite?
True
Is 15120397 a prime number?
False
Is 21682823 a prime number?
True
Is 362646685 a composite number?
True
Is 19970897 prime?
True
Is 10993265 prime?
False
Is 51310387 prime?
True
Is 109305881 prime?
False
Is 264683 a prime number?
False
Is 36384707 a prime number?
True
Is 6121721 a prime number?
True
Is 1864939 a composite number?
False
Is 44365151 a composite number?
True
Is 10368569 a prime number?
False
Is 83350921 prime?
True
Is 236608699 a prime number?
False
Is 133240193 prime?
True
Is 154423 a composite number?
False
Is 900329 a prime number?
True
Is 14430337 a composite number?
False
Is 33116077 prime?
True
Is 3832649 prime?
False
Is 227370311 a prime number?
False
Is 9953621 composite?
False
Is 4805818 prime?
False
Is 15022873 composite?
False
Is 2730979 prime?
True
Is 9674939 a prime number?
True
Is 982541 prime?
False
Is 394651 a prime number?
False
Is 54221149 prime?
True
Is 242467087 a composite number?
False
Is 37995261 prime?
False
Is 392737 a composite number?
False
Is 455453 a composite number?
True
Is 185623297 composite?
False
Is 524107 a composite number?
True
Is 589889 a prime number?
False
Is 529019 a prime number?
False
Is 112199 composite?
False
Is 1463089 a composite number?
False
Is 97263091 prime?
True
Is 1537457 prime?
True
Is 641668439 a prime number?
False
Is 2892341 composite?
False
Is 1842221 composite?
True
Is 1961677 a composite number?
True
Is 17751589 a prime number?
True
Is 270750031 a composite number?
False
Is 35059751 a composite number?
True
Is 4040941 a composite number?
False
Is 31015333 composite?
False
Is 9049 prime?
True
Is 55917401 a composite number?
False
Is 60998699 prime?
True
Is 9330947 prime?
True
Is 105141467 prime?
True
Is 578881 a composite number?
False
Is 82620919 prime?
True
Is 12740498 a composite number?
True
Is 48517559 a prime number?
True
Is 132201007 a prime number?
True
Is 4335811 a composite number?
True
Is 265417 a composite number?
False
Is 64139281 composite?
True
Is 8808733 a composite number?
False
Is 5993303 composite?
True
Is 16072211 a composite number?
False
Is 981351295 prime?
False
Is 7792427 prime?
False
Is 8875093 prime?
True
Is 33011053 composite?
False
Is 31368941 a composite number?
True
Is 142786057 prime?
True
Is 9354589 prime?
False
Is 40600501 a composite number?
True
Is 2466361 composite?
True
Is 34803851 prime?
False
Is 4043233 a prime number?
True
Is 709463 composite?
True
Is 5052107 a composite number?
True
Is 37537603 composite?
False
Is 85713983 composite?
True
Is 5988999 a composite number?
True
Is 520117 composite?
True
Is 7322213 a prime number?
True
Is 12446494 a prime number?
False
Is 16681739 prime?
False
Is 71085173 composite?
True
Is 203743529 composite?
True
Is 123705989 composite?
True
Is 255633421 composite?
False
Is 193259039 a prime number?
True
Is 245407 a composite number?
False
Is 4831313 composite?
True
Is 15354491 a composite number?
False
Is 2106745 prime?
False
Is 2932231 a composite number?
False
Is 8790965 composite?
True
Is 17672287 composite?
False
Is 83571181 composite?
False
Is 19901191 composite?
True
Is 125823151 prime?
False
Is 411295497 composite?
True
Is 195523855 composite?
True
Is 33436939 a composite number?
False
Is 27361541 composite?
False
Is 8223929 composite?
True
Is 1385777 prime?
True
Is 7737619 prime?
True
Is 1122241243 prime?
True
Is 22504301 a composite number?
False
Is 495508561 a composite number?
False
Is 903713 composite?
True
Is 12764831 composite?
False
Is 4705669 composite?
False
Is 54141643 a prime number?
False
Is 2166482 a prime number?
False
Is 16178431 prime?
True
Is 185963269 prime?
True
Is 654793 a prime number?
False
Is 1535717 a prime number?
True
Is 172426453 composite?
True
Is 199179401 prime?
False
Is 84305077 prime?
True
Is 971515447 a composite number?
True
Is 204671651 a prime number?
True
Is 282771449 a prime number?
True
Is 44507009 prime?
False
Is 1402718219 prime?
False
Is 1169653 a composite number?
True
Is 1493600035 a prime number?
False
Is 9259721 composite?
False
Is 155661697 composite?
True
Is 413533717 a composite number?
True
Is 3107413 a prime number?
False
Is 1800319 prime?
False
Is 73405967 prime?
True
Is 21341949 prime?
False
Is 5703679 a composite number?
False
Is 17189131 a composite number?
False
Is 80881 a composite number?
True
Is 442070899 a prime number?
True
Is 19153391 composite?
False
Is 302541377 composite?
True
Is 173105971 prime?
True
Is 256666499 composite?
True
Is 4036787 a prime number?
False
Is 2016211 prime?
True
Is 91791851 composite?
False
Is 99859 a composite number?
False
Is 3695259 composite?
True
Is 6113629 a prime number?
False
Is 27703397 a composite number?
False
Is 16093459 a prime number?
True
Is 1119203 a prime number?
False
Is 15390223 a prime number?
True
Is 759263 a composite number?
False
Is 125611939 prime?
True
Is 121139 a prime number?
True
Is 3428333 a composite number?
True
Is 793109 a composite number?
True
Is 19892147 composite?
True
Is 1465313 a prime number?
True
Is 2624539 a prime number?
True
Is 5744197 a prime number?
True
Is 4554523 a prime number?
True
Is 4850281 composite?
True
Is 9190121 prime?
True
Is 44258338 a composite number?
True
Is 596518757 a composite number?
False
Is 254912017 composite?
False
Is 21032441 a composite number?
False
Is 5104837 prime?
True
Is 220481893 a composite number?
True
Is 5226173 composite?
True
Is 8483711 prime?
False
Is 6240639 a composite number?
True
Is 19221523 prime?
False
Is 15251515 a composite number?
True
Is 36828611 a prime number?
False
Is 64168369 prime?
True
Is 1438757 composite?
True
Is 24636187 a composite number?
False
Is 17387431 prime?
False
Is 28699799 prime?
True
Is 6365441 a prime number?
True
Is 277120541 composite?
False
Is 42960509 prime?
False
Is 174678709 a prime number?
False
Is 3454559 composite?
True
Is 6056431 prime?
True
Is 31248974 composite?
True
Is 2217641 a composite number?
False
Is 598107403 a prime number?
Fals